**2 + q - 4. Give d(0).
-4
Let s(c) = c**3 + 3*c**2 - 17*c + 13. Give s(-6).
7
Let z(i) = 95*i - 1147. What is z(12)?
-7
Let r(i) = 11*i**2 + i - 1. Calculate r(1).
11
Let u(l) = 3*l - 18. Determine u(8).
6
Let h(a) = 8*a - 246. Calculate h(32).
10
Let d(m) = 5*m**2 + 24*m - 10. Give d(-6).
26
Let l(z) = z**2 + 28*z + 118. What is l(-5)?
3
Let x(v) = 18*v - 45. What is x(3)?
9
Let k(l) = 4*l**2 + 24*l + 22. Calculate k(-5).
2
Let w(t) = t + 9. What is w(-4)?
5
Let y(l) = -60*l. What is y(-1)?
60
Let v(t) = -t**2 - 10*t + 8. What is v(0)?
8
Let h(j) = -j**3 + 8*j**2 - 11*j. Calculate h(6).
6
Let c(n) = 47*n**2 + 2*n + 2. What is c(-1)?
47
Let a(i) = -i - 1. What is a(-8)?
7
Let j(y) = -2*y**2 - 2*y + 8. Determine j(-4).
-16
Let p(l) = -l - 10. Give p(0).
-10
Let a(h) = -h**3 - 4*h**2 + 7. Give a(-3).
-2
Let v(b) = -b**2 + 2*b + 9. Calculate v(0).
9
Let p(q) = 2*q**3 - 2*q**2 - 7*q - 3. What is p(-2)?
-13
Let d(m) = -2*m**2 + 49*m - 148. Calculate d(21).
-1
Let t(m) = m**2 - 4*m + 4. Calculate t(3).
1
Let b(r) = -r**3 + 6*r**2 + 9*r - 7. Calculate b(7).
7
Let r(c) = c**3 - 3*c**2 - 6*c - 6. What is r(5)?
14
Let t(h) = -h**2 - 52*h - 197. Determine t(-4).
-5
Let k(o) = o**3 - 7*o**2 + 10*o - 8. What is k(6)?
16
Let h(s) = -s**3 + 4*s**2 - 22*s + 65. Calculate h(4).
-23
Let m(b) = -b**2 + b + 32. What is m(0)?
32
Let z(p) = 2*p**2 - 3*p + 1. Calculate z(2).
3
Let r(j) = -j**2 + 5*j + 5. Give r(8).
-19
Let g(k) = k**3 + 10*k**2 + 12*k - 4. Calculate g(-8).
28
Let y(v) = -3*v**3 + 8*v**2 - v + 3. Calculate y(4).
-65
Let z(w) = -w**3 + 25*w**2 + 2*w - 57. Give z(25).
-7
Let m(p) = 2*p - 6. Determine m(10).
14
Let m(b) = -b**3 + 22*b**2 - 24*b + 51. Calculate m(21).
-12
Let q(u) = -u**3 + 9*u**2 - 8*u - 2. Calculate q(7).
40
Let n(w) = w**2 + 28*w + 131. What is n(-6)?
-1
Let k(m) = m**3 - 21*m**2 + 23*m - 59. Calculate k(20).
1
Let a(s) = s**3 + 6*s**2 + 3*s + 14. Give a(-6).
-4
Let h(l) = -4*l - 5. Determine h(2).
-13
Let p(r) = -r**3 - 13*r**2 - 17*r - 18. Determine p(-12).
42
Let k(b) = -b**2 - 8*b + 35. Give k(-11).
2
Let g(m) = m**2 - 15*m + 38. What is g(12)?
2
Let p(h) = 4*h + 35. Determine p(-13).
-17
Let c(t) = -4*t**3 - 4*t**2 - 2*t + 2. Give c(-2).
22
Let f(x) = x**2 - 9*x - 5. Determine f(-3).
31
Let v(z) = -z**2 - z - 9. Give v(5).
-39
Let v(f) = -f**3 - 9*f**2 - 20*f - 8. Calculate v(-4).
-8
Let q(u) = -2*u**3 - 3*u**2 - 2*u + 7. What is q(0)?
7
Let d(c) = c**3 - 9*c**2 - 10*c + 12. Determine d(10).
12
Let u(i) = 4*i - 18. What is u(8)?
14
Let t(d) = -8*d**3 + 4*d**2 - 5*d + 5. What is t(2)?
-53
Let f(g) = 2*g - 5. Determine f(-6).
-17
Let d(x) = x**3 + 56*x**2 - 113*x + 163. What is d(-58)?
-11
Let o(g) = -18*g + 130. Give o(7).
4
Let j(w) = 2*w**2 - 2*w + 20. What is j(-4)?
60
Let p(m) = -m**3 - m**2 + 26. Determine p(0).
26
Let o(x) = -x**3 + 16*x**2 - 44*x - 11. Determine o(4).
5
Let w(n) = -n**3 + 10*n**2 - 2*n + 10. Give w(4).
98
Let t(k) = 3*k - 20. Give t(-9).
-47
Let l(p) = -29*p - 21. What is l(-2)?
37
Let o(i) = -i**3 + 9*i**2 + 13*i + 18. What is o(10)?
48
Let m(j) = 2*j - 26. Determine m(16).
6
Let f(b) = 2*b + 6. Give f(-13).
-20
Let l(p) = 3*p**2 + 32*p + 68. What is l(-6)?
-16
Let i(z) = 2*z**2 - 4. What is i(7)?
94
Let b(m) = -m**3 + 4*m**2 - 2*m + 41. Calculate b(5).
6
Let c(b) = b**3 + 7*b**2 - 18*b + 8. Determine c(-9).
8
Let m(g) = -g**3 + 10*g**2 + 15. Give m(10).
15
Let n(x) = 5*x + 41. What is n(17)?
126
Let n(w) = -4*w**2 - 5*w - 2. Give n(2).
-28
Let s(g) = g + 29. What is s(2)?
31
Let q(g) = -2*g + 60. Give q(26).
8
Let p(a) = a + 12. What is p(-9)?
3
Let j(u) = -4*u + 10. Give j(7).
-18
Let n(j) = -5*j - 219. What is n(-36)?
-39
Let n(p) = 2*p**3 + 42*p**2 - 44*p + 3. Give n(-22).
3
Let h(c) = -c**2 + c + 60. Determine h(-6).
18
Let k(z) = z**3 - 11*z**2 + 35*z - 51. What is k(7)?
-2
Let q(j) = -4*j + 1. What is q(0)?
1
Let h(g) = -3*g - 3. What is h(-7)?
18
Let j(w) = w + 8. Give j(-15).
-7
Let l(i) = 4*i + 26. What is l(-6)?
2
Let c(w) = -3*w + 23. Calculate c(17).
-28
Let d(q) = -q**3 - 36*q**2 - 35*q - 10. What is d(-35)?
-10
Let l(t) = -t**2 + 8. Determine l(6).
-28
Let c(o) = -o**2 - 4*o + 4. What is c(2)?
-8
Let p(n) = -4*n - 2. Calculate p(0).
-2
Let s(d) = -d**2 + 3*d + 10. What is s(-4)?
-18
Let h(z) = 2*z + 10. Give h(12).
34
Let g(m) = m**3 - 5*m - 5. Calculate g(-2).
-3
Let p(q) = -q**3 + 43*q**2 + 42*q + 94. Determine p(44).
6
Let o(g) = 3*g + 5. What is o(10)?
35
Let x(y) = -108*y + 3. Determine x(1).
-105
Let m(b) = 3*b**2 + 3*b - 2. Determine m(4).
58
Let n(z) = 2*z**2 - 4*z + 1. Determine n(4).
17
Let y(u) = u**3 - 3*u**2 + 4*u - 3. Give y(3).
9
Let z(h) = -h**3 - 6*h**2 + 10*h + 23. Give z(-7).
2
Let b(p) = p - 8. Determine b(0).
-8
Let t(i) = 9*i - 3. Give t(-4).
-39
Let f(g) = -12*g + 134. Determine f(11).
2
Let f(l) = -l**3 - 7*l**2 - 7. Give f(-7).
-7
Let m(k) = -k**2 + 33*k + 1210. Determine m(-22).
0
Let l(z) = -z**2 + 8. What is l(-6)?
-28
Let y(k) = -7*k**2 - 30*k + 24. Give y(-5).
-1
Let t(q) = 28*q**2 + 2*q - 2. Determine t(1).
28
Let r(i) = 3*i - 3. What is r(22)?
63
Let i(m) = 10*m + 25. Calculate i(-6).
-35
Let q(k) = k**3 + 4*k**2 - 14*k - 14. Determine q(-6).
-2
Let w(k) = -2*k**2 + 48*k - 5. Calculate w(24).
-5
Let w(r) = -r**2 - r - 2. Give w(2).
-8
Let x(b) = 7*b + 3. What is x(-5)?
-32
Let r(g) = 25*g - 24. Give r(4).
76
Let w(s) = s**2 - s - 16. Determine w(5).
4
Let o(f) = 3*f**2 + 24*f - 54. What is o(2)?
6
Let l(n) = -6*n**3 + 3*n - 3. Give l(2).
-45
Let l(u) = 9*u + 63. Determine l(-6).
9
Let b(w) = 11*w - 44. Give b(5).
11
Let c(q) = 7*q - 20. What is c(7)?
29
Let x(v) = v - 26. What is x(30)?
4
Let c(w) = 38*w**2 - w - 1. Determine c(-1).
38
Let z(m) = 6*m + 10. Determine z(0).
10
Let p(m) = m**3 + 4*m**2 - 6*m - 6. Determine p(-5).
-1
Let q(y) = -4*y + 10. Calculate q(0).
10
Let x(u) = 3*u**3 - 5*u**2 + 9*u - 8. Give x(2).
14
Let g(r) = r**3 + 4*r**2 - 3*r + 7. Determine g(-4).
19
Let h(t) = 11*t - 2. Determine h(-8).
-90
Let k(h) = 3*h**2 + 5*h - 6. Give k(-3).
6
Let c(u) = -u**3 + 5*u**2 - 6*u - 6. Give c(5).
-36
Let d(y) = y**2 - 6*y - 8. What is d(6)?
-8
Let p(c) = c**2 + 16*c + 14. Give p(-15).
-1
Let x(f) = 9*f**2 - 27*f - 23. Give x(-1).
13
Let i(b) = -2*b**2 + b + 223. Calculate i(11).
-8
Let c(y) = 9*y - 3. What is c(5)?
42
Let j(o) = -4*o**3 + o**2 + o - 2. Determine j(1).
-4
Let s(c) = 6*c + 169. What is s(-29)?
-5
Let y(a) = -a**3 + 9*a**2 - 5*a - 8. Calculate y(9).
-53
Let m(u) = -u**3 + 2*u**2 + 8*u - 10. What is m(4)?
-10
Let v(u) = u**3 + 14*u**2 + 26*u + 24. Give v(-12).
0
Let s(d) = 17*d + 3. What is s(-1)?
-14
Let c(p) = p + 8. Calculate c(-4).
4
Let m(j) = j**3 - 6*j**2 - 4*j + 4. Calculate m(7).
25
Let q(u) = -u**2 - 21*u - 27. What is q(-19)?
11
Let y(z) = z - 39. Give y(22).
-17
Let u(v) = 4*v**2 - 2. Give u(-3).
34
Let x(u) = 2*u**2 + u + 3. Calculate x(0).
3
Let k(w) = 175*w**3 + 2*w**2 + w - 1. Calculate k(-1).
-175
Let i(k) = k**3 - 16*k**2 - 19*k + 14. Give i(17).
-20
Let b(y) = 5*y**3 - 5*y**2 + 2*y + 1. What is b(2)?
25
Let k(i) = 13*i - 267. Calculate k(21).
6
Let v(c) = 107*c + 537. Calculate v(-5).
2
Let b(n) = -n**2 + 6*n + 16. Calculate b(6).
16
Let w(d) = -d**3 + 30*d**2 + 71*d - 223. What is w(32)?
1
Let h(s) = s - 41. What is h(26)?
-15
Let l(u) = -8*u + 129. Calculate l(15).
9
Let g(s) = s - 45. Give g(0).
-45
Let l(b) = b**3 + 4*b**2 - 11*b - 40. What is l(-5)?
-10
Let v(h) = -5*h - 197. Calculate v(-40).
3
Let u(r) = -r**2 + 21*r - 11. Give u(18).
43
Let l(y) = -4*y + 102. What is l(21)?
18
Let y(j) = 8*j + 45. Give y(-6).
-3
Let o(m) = -m**2 - 5*m - 4. Calculate o(-3).
2
Let h(n) = -n**3 + 18*n**2 + 35*n + 14. Give h(20).
-86
Let w(i) = -i**2 + 33*i + 98. Determine w(36).
-10
Let n(v) = 2*v - 1. What is n(2)?
3
Let z(q) = -q + 15. Determine z(-11).
26
Let x(z) = 8*z - 14. Determine x(4).
18
Let t(l) = -l**2 - 10*l + 26. Calculate t(-12).
2
Let s(g) = -g + 3. What is s(4)?
-1
Let m(z) = -z**3 - 9*z**2 - 7*z + 10. Give m(-8).
2
Let l(a) = 2*a - 1. What is l(0)?
-1
Let k(r) = r - 8. What is k(-20)?
-28
Let o(y) = y**3 + 4*y**2 + 2*y + 1. What is o(-4)?
-7
Let w(p) = 2*p**3 - 38*p**2 - p + 23. Determine w(19).
4
Let w(h) = -2*h**3 + 11*h**2 + h + 32. Give w(6).
2
Let y(t) = -2*t + 1. Give y(-3).
7
Let j(q) = 4*q - 6. What